{"id":8,"date":"2017-12-09T15:53:09","date_gmt":"2017-12-09T14:53:09","guid":{"rendered":"http:\/\/prospective-eac.com\/?page_id=8"},"modified":"2026-02-06T12:43:24","modified_gmt":"2026-02-06T11:43:24","slug":"a-propos-de","status":"publish","type":"page","link":"https:\/\/prospective-eac.com\/index.php\/a-propos-de\/","title":{"rendered":"\u00c0 propos"},"content":{"rendered":"<p><strong>\u00ab Votre croissance, notre expertise \u00bb<\/strong><\/p>\n<p><strong>\u00a01. Une vision proactive<\/strong><\/p>\n<p>PROSPECTIVE EXPERTISE AUDIT CONSEIL est un cabinet d\u2019expertise comptable et d\u2019audit, implant\u00e9 \u00e0 Paris et Mantes-la-Ville, inscrit aupr\u00e8s de l\u2019Ordre des Experts\u2011Comptables de Paris, \u00cele\u2011de\u2011France. Nous vous accompagnons quotidiennement sur l\u2019ensemble de vos enjeux comptables, fiscaux, sociaux, juridiques et financiers, tout en vous offrant un service digital interactif et moderne.<\/p>\n<p><strong>\u00a02. Nos engagements &amp; atouts diff\u00e9renciants<\/strong><\/p>\n<p>Inspir\u00e9s par les meilleures pratiques du m\u00e9tier, voici les piliers qui font la force de notre offre :<\/p>\n<ul>\n<li><strong>Disponibilit\u00e9 &amp; R\u00e9activit\u00e9<\/strong> : une r\u00e9ponse rapide et personnalis\u00e9e \u00e0 vos questions<\/li>\n<li><strong>Fiabilit\u00e9 &amp; Qualit\u00e9<\/strong> : contr\u00f4le de qualit\u00e9 interne rigoureux et expertise \u00e9prouv\u00e9e<\/li>\n<li><strong>Rapidit\u00e9 et ponctualit\u00e9<\/strong> : respect scrupuleux des \u00e9ch\u00e9ances l\u00e9gales<\/li>\n<li><strong>Modernit\u00e9<\/strong> : solutions num\u00e9riques innovantes, adapt\u00e9es \u00e0 vos usages<\/li>\n<li><strong>Adaptabilit\u00e9<\/strong> : organisation sur mesure selon votre taille, secteur et mission<\/li>\n<li><strong>Discr\u00e9tion<\/strong> : respect absolu du secret professionnel<\/li>\n<\/ul>\n<p><strong>3. Nos services<\/strong><\/p>\n<p>Structur\u00e9s, clairs et orient\u00e9s valeur; s&rsquo;inspirant des meilleures pratiques du m\u00e9tier et dans le respect des normes professionnelles. Nous offrons les services ci-dessous :<\/p>\n<p><strong>\u00a0 \u00a0 \u00a0 \u00a0 \u00a0a) Comptabilit\u00e9 &amp; Fiscalit\u00e9<\/strong><\/p>\n<ul>\n<li>Tenue comptable<\/li>\n<li>\u00c9tablissement, examen, compilation, consolidation des comptes<\/li>\n<li>Missions sp\u00e9cifiques : patrimoine, campagnes \u00e9lectorales, etc.\n<p><strong>b) Audit &amp; Contr\u00f4le<\/strong><\/p>\n<\/li>\n<\/ul>\n<ul>\n<li>Audit contractuels et commissariat aux comptes<\/li>\n<li>Contr\u00f4le interne, analyses financi\u00e8res et de conformit\u00e9\n<p><strong><br \/>c) Social &amp; Paie<\/strong><\/p>\n<\/li>\n<\/ul>\n<ul>\n<li>Gestion des bulletins, d\u00e9clarations sociales, conseil RH\n<p><strong><br \/>d) Conseil global &amp; strat\u00e9gique<\/strong><\/p>\n<\/li>\n<\/ul>\n<ul>\n<li>Accompagnement \u00e0 la cr\u00e9ation, au d\u00e9veloppement &amp; au pilotage<\/li>\n<\/ul>\n<p><strong>4. Tarification transparente &amp; avantage de bienvenue<\/strong><\/p>\n<ul>\n<li>Offre comp\u00e9titive, avec <strong>jusqu\u2019\u00e0 30<\/strong><strong>\u202f% de remise la premi<\/strong><strong>\u00e8re ann<\/strong><strong>\u00e9e<\/strong><\/li>\n<li><strong>Devis personnalis\u00e9 &amp; rendez-vous gratuits<\/strong> pour \u00e9tudier votre situation<\/li>\n<\/ul>\n<p><strong>5. Secteurs &amp; expertise clients<\/strong><\/p>\n<p>Nous intervenons aupr\u00e8s de TPE\/PME, associations, professions lib\u00e9rales, startups et entreprises politiques (comptes de campagne).<\/p>\n<p><strong>6. Pourquoi nous faire confiance ?<\/strong><\/p>\n<ul>\n<li>Une <strong>expertise reconnue<\/strong>, regroupant toutes les comp\u00e9tences du m\u00e9tier<\/li>\n<li><strong>Des outils et une organisation tourn\u00e9s vers l\u2019avenir<\/strong>, misant sur l\u2019innovation et la relation client<\/li>\n<li>Une organisation agile, ax\u00e9e sur la qualit\u00e9, la confidentialit\u00e9 et l\u2019efficacit\u00e9<\/li>\n<\/ul>\n<p>Le cabinet est\u00a0 membre du r\u00e9seau international IR GLOBAL\u00a0\u00a0<a href=\"https:\/\/irglobal.com\/\">https:\/\/irglobal.com\/<\/a><\/p>\n<p>Le cabinet a \u00e9galement tiss\u00e9 des partenariats pour vous accompagner dans votre d\u00e9ploiement \u00e0 l&rsquo;international notamment :<\/p>\n<p>Pour l&rsquo;Ile Maurice avec GOLDFIELD FINANCIALS\u00a0<a href=\"https:\/\/www.goldfieldfinancials.com\/\">https:\/\/www.goldfieldfinancials.com\/<\/a><\/p>\n<p>Pour l&rsquo;Inde avec V. V. Kale &amp; Co\u00a0<a href=\"https:\/\/vvkale.com\/\">https:\/\/vvkale.com\/<\/a>\u00a0<\/p>\n<p>&nbsp;<\/p>\n<p><strong><a href=\"https:\/\/calendly.com\/calendrierprospective\/30min\" target=\"_blank\" rel=\"noopener\">PRENDRE RENDEZ VOUS<\/a><\/strong><\/p>\n\n\n<div class=\"wp-block-contact-form-7-contact-form-selector\">\n<div class=\"wpcf7 no-js\" id=\"wpcf7-f268-o1\" lang=\"en-US\" dir=\"ltr\" data-wpcf7-id=\"268\">\n<div class=\"screen-reader-response\"><p role=\"status\" aria-live=\"polite\" aria-atomic=\"true\"><\/p> <ul><\/ul><\/div>\n<form action=\"\/index.php\/wp-json\/wp\/v2\/pages\/8#wpcf7-f268-o1\" method=\"post\" class=\"wpcf7-form init\" aria-label=\"Contact form\" novalidate=\"novalidate\" data-status=\"init\">\n<fieldset class=\"hidden-fields-container\"><input type=\"hidden\" name=\"_wpcf7\" value=\"268\" \/><input type=\"hidden\" name=\"_wpcf7_version\" value=\"6.1.5\" \/><input type=\"hidden\" name=\"_wpcf7_locale\" value=\"en_US\" \/><input type=\"hidden\" name=\"_wpcf7_unit_tag\" value=\"wpcf7-f268-o1\" \/><input type=\"hidden\" name=\"_wpcf7_container_post\" value=\"0\" \/><input type=\"hidden\" name=\"_wpcf7_posted_data_hash\" value=\"\" \/>\n<\/fieldset>\n<p><label> Your Name (required)<br \/>\n<span class=\"wpcf7-form-control-wrap\" data-name=\"your-name\"><input size=\"40\" maxlength=\"400\" class=\"wpcf7-form-control wpcf7-text wpcf7-validates-as-required\" aria-required=\"true\" aria-invalid=\"false\" value=\"\" type=\"text\" name=\"your-name\" \/><\/span> <\/label>\n<\/p>\n<p><label> Your Email (required)<br \/>\n<span class=\"wpcf7-form-control-wrap\" data-name=\"your-email\"><input size=\"40\" maxlength=\"400\" class=\"wpcf7-form-control wpcf7-email wpcf7-validates-as-required wpcf7-text wpcf7-validates-as-email\" aria-required=\"true\" aria-invalid=\"false\" value=\"\" type=\"email\" name=\"your-email\" \/><\/span> <\/label>\n<\/p>\n<p><label> Subject<br \/>\n<span class=\"wpcf7-form-control-wrap\" data-name=\"your-subject\"><input size=\"40\" maxlength=\"400\" class=\"wpcf7-form-control wpcf7-text\" aria-invalid=\"false\" value=\"\" type=\"text\" name=\"your-subject\" \/><\/span> <\/label>\n<\/p>\n<p><label> Your Message<br \/>\n<span class=\"wpcf7-form-control-wrap\" data-name=\"your-message\"><textarea cols=\"40\" rows=\"10\" maxlength=\"2000\" class=\"wpcf7-form-control wpcf7-textarea\" aria-invalid=\"false\" name=\"your-message\"><\/textarea><\/span> <\/label>\n<\/p>\n<p><input class=\"wpcf7-form-control wpcf7-submit has-spinner\" type=\"submit\" value=\"Send\" \/>\n<\/p><p style=\"display: none !important;\" class=\"akismet-fields-container\" data-prefix=\"_wpcf7_ak_\"><label>&#916;<textarea name=\"_wpcf7_ak_hp_textarea\" cols=\"45\" rows=\"8\" maxlength=\"100\"><\/textarea><\/label><input type=\"hidden\" id=\"ak_js_1\" name=\"_wpcf7_ak_js\" value=\"249\"\/><script type=\"text\/javascript\">\n\/* <![CDATA[ *\/\ndocument.getElementById( \"ak_js_1\" ).setAttribute( \"value\", ( new Date() ).getTime() );\n\/* ]]> *\/\n<\/script>\n<\/p><div class=\"wpcf7-response-output\" aria-hidden=\"true\"><\/div>\n<\/form>\n<\/div>\n<\/div>\n","protected":false},"excerpt":{"rendered":"<p>\u00ab Votre croissance, notre expertise \u00bb \u00a01. Une vision proactive PROSPECTIVE EXPERTISE AUDIT CONSEIL est un cabinet d\u2019expertise comptable et d\u2019audit, implant\u00e9 \u00e0 Paris et Mantes-la-Ville, inscrit aupr\u00e8s de l\u2019Ordre&hellip;<a href=\"https:\/\/prospective-eac.com\/index.php\/a-propos-de\/\" class=\"more-link\"><span class=\"more-button\">Continue reading<span class=\"screen-reader-text\">\u00c0 propos<\/span><\/span><\/a><\/p>\n","protected":false},"author":1,"featured_media":99,"parent":0,"menu_order":0,"comment_status":"closed","ping_status":"closed","template":"","meta":{"footnotes":""},"class_list":["post-8","page","type-page","status-publish","has-post-thumbnail","hentry"],"jetpack_sharing_enabled":true,"_links":{"self":[{"href":"https:\/\/prospective-eac.com\/index.php\/wp-json\/wp\/v2\/pages\/8","targetHints":{"allow":["GET"]}}],"collection":[{"href":"https:\/\/prospective-eac.com\/index.php\/wp-json\/wp\/v2\/pages"}],"about":[{"href":"https:\/\/prospective-eac.com\/index.php\/wp-json\/wp\/v2\/types\/page"}],"author":[{"embeddable":true,"href":"https:\/\/prospective-eac.com\/index.php\/wp-json\/wp\/v2\/users\/1"}],"replies":[{"embeddable":true,"href":"https:\/\/prospective-eac.com\/index.php\/wp-json\/wp\/v2\/comments?post=8"}],"version-history":[{"count":20,"href":"https:\/\/prospective-eac.com\/index.php\/wp-json\/wp\/v2\/pages\/8\/revisions"}],"predecessor-version":[{"id":689,"href":"https:\/\/prospective-eac.com\/index.php\/wp-json\/wp\/v2\/pages\/8\/revisions\/689"}],"wp:featuredmedia":[{"embeddable":true,"href":"https:\/\/prospective-eac.com\/index.php\/wp-json\/wp\/v2\/media\/99"}],"wp:attachment":[{"href":"https:\/\/prospective-eac.com\/index.php\/wp-json\/wp\/v2\/media?parent=8"}],"curies":[{"name":"wp","href":"https:\/\/api.w.org\/{rel}","templated":true}]}}